hat are the prime factors of g(15)?
2, 5
Suppose 2*i + 4*h + 4779 = 7*i, -i + 4*h + 959 = 0. What are the prime factors of i?
5, 191
Suppose -3 = -3*c - 2*b, 4*c + 4*b - b = 5. Let l be c/((-492)/489 - -1). Let i = l + -114. List the prime factors of i.
7
What are the prime factors of (-15366)/4*(24/(-36) - 0)?
13, 197
Let f(i) = -i**3 + i**2 - i + 35. Suppose -4*y = y - 50. Let o = y + -10. List the prime factors of f(o).
5, 7
Suppose 5*s + 20 = 0, t - 5*s = 1605 + 2135. List the prime factors of t.
2, 3, 5, 31
Let r be 2130/2*(-8)/(-20). Suppose -4*c + r = 2*c. List the prime factors of c.
71
Let q be 8/(-4) + 3 - 1. Suppose -4*j + 6*j + 2*i = 186, -j + i + 89 = q. List the prime factors of j.
7, 13
Suppose -2285 = -3*w - 2*w. What are the prime factors of w?
457
Suppose -35*i + 19222 = -21*i. What are the prime factors of i?
1373
Let h(n) = 6*n**2 + 3*n. List the prime factors of h(-10).
2, 3, 5, 19
Suppose 5*q - 2 = -s + 8, -13 = 2*s - q. Suppose n + 2*b = -3*b + 26, -4*b = 16. Let u = n - s. What are the prime factors of u?
3, 17
What are the prime factors of ((-5470)/(-4) + -2)/((-39)/(-78))?
2731
Let u be 33/(-5) + 6/10. Let y = u - -8. Suppose y*x - 51 = w, 0 = 5*x + 3*w - 64 - 58. What are the prime factors of x?
5
Suppose -5*a + 1745 = -0*a - 5*q, 0 = 4*a - q - 1387. What are the prime factors of a?
2, 173
Suppose 5*x - 8317 = -3*d - 744, 3*x - 4567 = 4*d. What are the prime factors of x?
37, 41
Suppose 5*x - 2*x - u + 3 = 0, 3*x + 2*u = 6. Suppose 0 = -4*s - 2*i - 3*i + 426, 206 = 2*s - i. Suppose -4*l = -x*l - s. List the prime factors of l.
2, 13
Let r(z) = z**2 + 2*z + 14. Let s be r(-5). Let n be (s - 4/1) + -2. Suppose 3*h - n = 34. List the prime factors of h.
19
Suppose 4*l + 5*t = 7737, 73*l - 76*l - 3*t + 5799 = 0. What are the prime factors of l?
2, 241
Let x be (-1*0/(-1))/3. Let h(c) = c**3 + c + 22. What are the prime factors of h(x)?
2, 11
Suppose 2*y + 104 = 2*l, 6*y - 2*y + 114 = 2*l. Let f = l - 21. What are the prime factors of f?
2, 13
Let a = 35 + -33. Suppose 15 = 3*w + q + 3*q, -3*w + 9 = a*q. What are the prime factors of (-1)/(w/(-63)) - 2?
61
Let g(l) = -l**2 - 4*l + 7. Let y be g(3). List the prime factors of 388/10 + y/(-70).
3, 13
Let z = -41 - -38. Let o(i) = -2*i**3 + 5*i**2 + 5*i - 2. What are the prime factors of o(z)?
2, 41
Let y(o) = -o**2 + 7*o - 1. Let m be y(6). Suppose v - 4*i = -4*v + 36, -m*i = -5*v + 35. Suppose 0 = -4*q + v + 28. What are the prime factors of q?
3
Suppose -2*n + 114 = 5*i, 3*i = 4*n + 103 - 19. Let k be ((-8)/i)/(1/(-9)). Suppose 0*v + v = -3*j + 14, 5*j = k*v - 56. List the prime factors of v.
17
Suppose 2*l - 3*l - 2 = 0. Suppose 18 = -5*c + 2*d + d, -12 = 3*c - 3*d. List the prime factors of (66/9)/(l/c).
11
List the prime factors of (-19 - (-8 - -2))*-75.
3, 5, 13
Let x be 5 + (-2 + 2)/1. Let a(g) = g - 6. Let f be a(x). What are the prime factors of f + (9 - (-8)/(-2))?
2
Let l(p) = p**2 - 2*p + 5. Let k = 3 - 8. Let w(s) = -3*s**2 + 5*s - 11. Let b(j) = k*l(j) - 2*w(j). What are the prime factors of b(-4)?
13
Let w(l) = -l**3 - 24*l**2 + 42*l + 83. What are the prime factors of w(-26)?
7
Let d be (-13)/(-4)*(-64)/(-4). Suppose -k = 5*o + d, 2*k - o + 104 = -3*o. Let w = 7 - k. List the prime factors of w.
59
Let k be (0 - -1) + 0 - 16. What are the prime factors of (-398)/(-6) + 5/k?
2, 3, 11
Let u = 2088 + -1333. What are the prime factors of u?
5, 151
Let j(z) = 19*z**2 + 3*z - 2. Let a be j(1). Suppose a*l - 234 = 14*l. What are the prime factors of l?
3, 13
Let o be (-8)/32 + 1/4. Suppose -h + 5 = -2*v, 2*v = -2*h - o*v + 4. Suppose 0 = -h*n + 11 - 2. What are the prime factors of n?
3
Suppose -3*h - 4*a = -3*a + 418, -3*h = -a + 416. What are the prime factors of (-2)/2*(h - 10/(-2))?
2, 67
Let u(h) = h**3 - 11*h**2 + 9*h + 14. Let y = -12 - -9. Let p(k) = -3*k + 1. Let j be p(y). List the prime factors of u(j).
2
Suppose 0 = -44*x - 31*x + 257850. List the prime factors of x.
2, 3, 191
Let w(j) = j**3 - 9*j**2 + 24*j - 16. Let c be (-12 - 0)/(12/(-9)). List the prime factors of w(c).
2, 5
Let a(h) = h**2 - 3*h - 5. Let t(f) = 4*f**2 - 8*f - 16. Let s(j) = -7*a(j) + 2*t(j). Let r be s(-2). List the prime factors of -58*(r + 20/8).
29
Suppose 0 = -q + 4*l + 12, 0*q + 3*q + 3*l - 6 = 0. Suppose 3*z = q*h + 165, -2*z - 3*h - 51 = -144. List the prime factors of z.
3, 17
Suppose -2067 = -16*l - 483. What are the prime factors of l?
3, 11
Let q = -1742 + 3417. List the prime factors of q.
5, 67
Let n(m) = 2*m**2 + m + 3. Let s be n(0). Suppose 4*z - s*v - 207 = 0, -5*z + 0*v = -2*v - 257. What are the prime factors of z?
3, 17
Suppose 9*g - 857 = 4*g + 3*q, 3*g - 4*q = 523. What are the prime factors of g?
13
Let y be ((-1)/1)/(4 + 68/(-16)). What are the prime factors of 126 - (y - -1 - 1)?
2, 61
Suppose -36*t + 35*t = -3191. What are the prime factors of t?
3191
Let h be (-7 + -2)*34/(-2). Let p = h - -28. List the prime factors of p.
181
Suppose 0 = -3*y + 2*l + 1758, 4*y - 1999 = 3*l + 345. What are the prime factors of y?
2, 293
Let s = 186 + -127. List the prime factors of s.
59
Let z be 1*(-451 - (1 - 4)). Let s = -287 - z. What are the prime factors of s?
7, 23
Let r = -104 + 218. Let i be r/27 + (-6)/27. Suppose -56 = -3*u + z, z = -i*z - 10. List the prime factors of u.
2, 3
List the prime factors of 111808/176 + 15/(-55).
5, 127
Let b = 25 - 20. Suppose p + 12 = b*p. Suppose -p*j - 364 = -10*j. List the prime factors of j.
2, 13
Let j = 3628 + -2498. What are the prime factors of j?
2, 5, 113
Let h(p) = p**3 + p**2 - 9*p + 7. Let r(t) = 2*t**3 + 3*t**2 - 17*t + 13. Let g(y) = -7*h(y) + 4*r(y). What are the prime factors of g(3)?
2, 3, 5
Let l be (45/12)/((-9)/(-24)). Suppose 7*o + 6 = l*o. Suppose -3*d = -o*d - 21. What are the prime factors of d?
3, 7
Suppose h + t + 125 = 0, -2*h + 405 = -5*h + 3*t. Let z = h + 233. List the prime factors of z.
103
Suppose 2*l - 2*b = 750, 9*b + 744 = 2*l + 4*b. What are the prime factors of l?
13, 29
Let n(w) = w**2 + 1. Let a be n(2). Suppose k + v - 5 = 1, -k + 18 = -a*v. Let m = 29 + k. List the prime factors of m.
37
Let v be (0/2 - 1) + -19. List the prime factors of 4/(-2)*50/v.
5
Suppose -142 = 3*w + 71. Let y = 36 + w. Let b = 52 + y. What are the prime factors of b?
17
Let x(f) be the third derivative of f**4/12 + f**3/3 - 4*f**2. Let i be x(3). Suppose 22 = h + 2*u, h - 5*u + 0 = i. List the prime factors of h.
2, 3
Suppose 3*t + 48 = -0*t + u, u - 63 = 4*t. Let q be (-6)/t*(7 - 2). Suppose -7 - 3 = 5*w, q*b + 5*w = 4. List the prime factors of b.
7
Let h(w) = -w**2 + 3*w - 2. Let d(z) = z**2 + z - 1. Let y = 5 + -4. Let i(c) = y*h(c) + 2*d(c). List the prime factors of i(3).
2, 5
Suppose 648*k - 640*k - 7656 = 0. List the prime factors of k.
3, 11, 29
Let d = 9 + -19. Let o = d - -14. Suppose o*m = f + 70, -48 = -2*m - m + 3*f. List the prime factors of m.
2, 3
List the prime factors of 542 + (-3 + (5 - 2))/(-1).
2, 271
What are the prime factors of (-16)/12 - 1136/(-24)?
2, 23
Suppose 3*h - 12 = -0*h. Let i be (-36)/270 - (-452)/15. Suppose d - h*d = -i. List the prime factors of d.
2, 5
Let m(r) = -r**3 - 7*r**2 - 5*r + 8. Let u be m(-6). Suppose 4 = -2*a, 4*g - 2*a - 14 = -a. What are the prime factors of (-5)/(u/g - 1)?
3, 5
Suppose 4*p - t = t + 3474, 0 = 4*p + 2*t - 3462. What are the prime factors of p?
3, 17
Suppose -73*b + 70*b + 5*w = -4732, -4756 = -3*b - w. What are the prime factors of b?
2, 3, 11
Let m(n) = 30*n + 204. List the prime factors of m(7).
2, 3, 23
Let d(c) = -86*c**3 + c**2 + c. Suppose 9 = -5*x - i, -4*x + 16 = 3*i - 8*i. List the prime factors of d(x).
2, 43
Let h = -569 - -1901. What are the prime factors of h?
2, 3, 37
Let i be (6/(-9))/((-2)/372). Suppose 2*z - i = 3*n + n, 248 = 4*z + 2*n. List the prime factors of z.
2, 31
Let t(r) = 18*r**2 - r - 1. Let b(i) = -i - 7. Let n be b(-5). List the prime factors of t(n).
73
Let j(h) be the second derivative of h**5/20 + 13*h**4/12 - 5*h**3/2 + 7*h**2 + 10*h. List the prime factors of j(-14).
2, 7
Suppose 4*k + 2*c - c = 40, 0 = -4*k - 3*c + 32. Let y = -11 + k. Suppose 5*t = -x - y*x + 99, 3*x + 3 = 0. What are the prime factors of t?
2, 5
Let f be 2 - (-2 + 4/1 - 3). List the prime factors of 9/f + 0 - -121.
2, 31
Let d(s) = s*